 What is d(18)?
-27
Let r(k) = k**3 + 11*k**2 + 406*k + 3898. Determine r(-10).
-62
Let c(i) = -3*i**3 - 547*i**2 + 325*i - 7357. Give c(-183).
146
Let c(v) = -2*v**3 + 35*v**2 - 148*v + 3231. Calculate c(18).
243
Let l(z) = -283*z**3 - 68*z**2 - 63*z + 6. What is l(-1)?
284
Let h(y) = 3*y**3 + 285*y**2 - 1212*y + 28804. What is h(-100)?
4
Let o(t) = 456672*t - 2740000. What is o(6)?
32
Let n(o) = -874*o + 28094. What is n(32)?
126
Let n(c) = 3*c**2 - 10*c - 434. What is n(23)?
923
Let n(t) = 13*t**2 + 319*t + 1690. Calculate n(-7).
94
Let o(a) = -3*a**2 - 224*a - 546. What is o(-72)?
30
Let r(x) = -3*x**2 - 781*x - 37507. What is r(-62)?
-617
Let s(v) = -v**3 + 38*v**2 - 24*v - 665. What is s(38)?
-1577
Let x(c) = -c**3 - 5827*c**2 + 34996*c + 3. Give x(6).
-9
Let m(n) = -n**3 - 3*n**2 + 261*n + 112. Give m(-17).
-279
Let l(u) = u**3 + 79*u**2 + 246*u + 1023. Determine l(-76).
-345
Let n(i) = -i**2 - 268*i - 6959. Give n(-18).
-2459
Let o(q) = -16965*q + 593768. Determine o(35).
-7
Let j(d) = -7*d - 12. What is j(-2)?
2
Let v(d) = -12*d**3 - 3444*d**2 - 31*d - 8910. Give v(-287).
-13
Let t(x) = x**3 - 80*x**2 - 2000*x + 4. What is t(100)?
4
Let g(q) = -513*q - 1846. Determine g(-4).
206
Let w(l) = -9667*l + 1024641. Calculate w(106).
-61
Let k(p) = -p**3 - 37*p**2 + 17*p + 3040. What is k(-35)?
-5
Let u(t) = -257*t**2 + 178*t + 1. Give u(-1).
-434
Let b(c) = -c**3 - 29*c**2 + 390*c - 1016. What is b(-39)?
-1016
Let m(v) = v**2 - 234*v - 3760. Determine m(-15).
-25
Let a(c) = -2428*c - 2622176. Calculate a(-1080).
64
Let c(z) = -19*z**2 + 924*z - 1542. Calculate c(47).
-85
Let i(j) = 5*j**3 - 56*j**2 - 274*j - 6. Determine i(-4).
-126
Let c(j) = 580*j + 4941. Determine c(-10).
-859
Let r(g) = g**3 - 74*g**2 - 483*g + 581. Give r(80).
341
Let v(u) = -12880*u**2 - 25759*u + 7. Calculate v(-2).
5
Let q(s) = 1543*s + 49913. What is q(-32)?
537
Let f(d) = -408*d**2 + 18*d - 108. Calculate f(0).
-108
Let s(m) = 4601*m - 50672. Give s(11).
-61
Let r(k) = k**2 - 26*k - 902. What is r(45)?
-47
Let f(p) = -p**2 + 9169*p - 54965. Calculate f(6).
13
Let l(h) = -867*h + 27860. Give l(29).
2717
Let c(n) = -9*n**3 + 14*n**2 + 23*n + 12. Give c(-2).
94
Let s(m) = -222*m**2 + 3808*m - 16266. What is s(8)?
-10
Let f(y) = 704*y + 5937. Determine f(-9).
-399
Let f(h) = -28*h - 209. What is f(-6)?
-41
Let g(i) = -i**3 + 44*i - 84. Determine g(0).
-84
Let z(a) = -a**3 - 223*a**2 + 6*a - 2121. Determine z(-223).
-3459
Let v(r) = r**2 + 117*r + 1716. Give v(-100).
16
Let x(m) = m**2 + 3499*m - 109435. Calculate x(31).
-5
Let z(m) = -2*m**3 + 234*m**2 - 2995*m - 6627. Give z(102).
3
Let r(j) = j**3 + 16*j**2 - 182*j - 2893. Determine r(-14).
47
Let o(b) = 1171*b - 30411. Calculate o(26).
35
Let r(p) = -4525*p - 945730. Determine r(-209).
-5
Let v(t) = -1081*t**2 - 3255*t - 50. What is v(-3)?
-14
Let y(z) = 4723*z**2 - 9439*z + 13. What is y(2)?
27
Let i(f) = 21811*f - 6041648. Give i(277).
-1
Let y(x) = 204*x - 2098. What is y(9)?
-262
Let p(q) = -3*q**3 - 8*q**2 + 81*q + 299. Give p(-4).
39
Let l(m) = 19*m**3 + 191*m**2 + 211*m + 273. What is l(-9)?
-6
Let u(s) = -s**3 + 27*s**2 - 157*s + 604. Determine u(23).
-891
Let h(z) = -272076*z - 2992793. Calculate h(-11).
43
Let f(h) = -16*h**3 - 8616*h**2 + 4320*h + 4307. Determine f(-539).
-5
Let v(m) = -453*m**2 - 75201*m - 500. Determine v(-166).
-2
Let q(c) = -191*c**2 + 39546*c - 1895. Determine q(207).
-32
Let k(s) = -22*s**2 + 371*s - 1102. Give k(3).
-187
Let d(n) = 6723*n - 20179. Calculate d(3).
-10
Let n(s) = 838*s + 4775. Give n(-6).
-253
Let s(y) = -35*y**2 + 7981*y + 49145. Determine s(-6).
-1
Let x(i) = i**2 - 81*i + 885. Give x(13).
1
Let m(l) = -6*l**2 - 2158*l + 9658. Give m(-364).
194
Let k(f) = f**2 - 546*f + 34589. What is k(73)?
60
Let w(l) = -3021*l + 15080. Calculate w(5).
-25
Let d(p) = -p**3 - 26*p**2 - p + 104. What is d(-26)?
130
Let b(f) = f**3 - 17*f**2 + 12*f - 2049. What is b(26)?
4347
Let l(w) = -3312*w + 1430907. Calculate l(432).
123
Let r(d) = 22*d**2 + 1083*d + 12624. Determine r(-19).
-11
Let z(m) = -198*m - 1505. What is z(-8)?
79
Let a(d) = d**2 - 149*d - 9785. Give a(204).
1435
Let d(c) = -3553*c - 24697. Calculate d(-7).
174
Let j(u) = -628*u + 69115. Calculate j(110).
35
Let r(x) = 30*x**2 - 171*x - 1246. What is r(-7)?
1421
Let f(z) = z**2 + 935*z - 949. Determine f(1).
-13
Let g(n) = -2*n**2 - 1274*n - 5002. Determine g(-4).
62
Let k(c) = 5*c**2 + 960*c - 1166. What is k(-193)?
-201
Let z(j) = -2*j**3 + 29*j**2 - 22*j - 166. Calculate z(-6).
1442
Let z(u) = u**3 + 73*u**2 + 486*u + 5628. Determine z(-67).
0
Let s(l) = -3*l**3 + 44*l**2 + 14*l + 255. Give s(16).
-545
Let j(p) = -6*p**2 - 20301*p - 20. Determine j(0).
-20
Let z(h) = 6*h**2 - 621*h - 14820. Determine z(-20).
0
Let f(q) = -q**3 - 149*q**2 + 460*q - 250. Determine f(-152).
-858
Let y(o) = 32*o**3 - 63*o**2 - 100*o + 8. Calculate y(3).
5
Let d(i) = -2085*i**2 - 10428*i. Determine d(-5).
15
Let m(w) = -1013*w - 60114. Give m(-60).
666
Let t(b) = 2*b**2 - 42745*b - 1198419. Calculate t(-28).
9
Let p(f) = -28*f**2 + 10*f - 52. Give p(-7).
-1494
Let m(p) = 119*p - 3661. Calculate m(33).
266
Let m(c) = -33108*c + 66204. What is m(2)?
-12
Let i(j) = 2979053*j - 20853368. Calculate i(7).
3
Let j(x) = -2*x**3 + 270*x**2 + 1400*x + 7. Calculate j(140).
7
Let y(n) = -n**3 - 52*n**2 - 89*n + 6881. Calculate y(-47).
19
Let m(u) = -2*u**2 - 888*u + 3609. Calculate m(4).
25
Let m(h) = 12*h**2 - 312*h + 1. What is m(26)?
1
Let h(s) = 6*s**2 + 2602*s - 113696. Give h(40).
-16
Let p(q) = -7*q**2 - 20*q + 2161. Determine p(-19).
14
Let k(g) = 17*g**3 + 7*g**2 - 2754*g - 2752. Calculate k(-1).
-8
Let v(t) = 9*t**3 + 118*t**2 - 548*t + 11. Determine v(5).
1346
Let g(h) = -2*h**3 - 60*h**2 - 349*h - 35. Give g(-22).
-101
Let n(v) = 2*v**3 - 282*v**2 - 29*v + 4216. Calculate n(141).
127
Let v(l) = l**3 + 210*l**2 - 137208*l - 3995. Calculate v(-490).
-75
Let y(j) = j**3 - 55*j**2 + 70*j - 60. Give y(0).
-60
Let h(q) = -3912*q - 1115063. Give h(-285).
-143
Let u(o) = -4*o**3 - 24*o**2 + 19*o + 23. What is u(-7)?
86
Let q(i) = 2*i**2 - 19*i - 2049. Give q(37).
-14
Let a(l) = 633*l - 15268. Give a(23).
-709
Let y(q) = q**3 + 2609*q**2 - 10457*q + 5. Calculate y(4).
-15
Let s(c) = -6955*c - 910940. Determine s(-131).
165
Let y(k) = -21*k**2 - 35*k + 345. Calculate y(0).
345
Let c(u) = -4*u**3 + 134*u**2 + 2843*u - 1031. Give c(-15).
-26
Let x(o) = -110959*o - 4438368. Calculate x(-40).
-8
Let x(p) = p**3 - 124*p**2 - 10065*p - 2798. Give x(180).
-98
Let d(v) = -7*v**2 - 315*v + 239937. Determine d(164).
5
Let i(h) = h**3 + 39*h**2 - 120*h - 675. Give i(-41).
883
Let t(h) = -5162*h + 41388. What is t(8)?
92
Let r(y) = -85*y**3 + 2810*y**2 - 163*y - 58. What is r(33)?
8
Let b(g) = -2*g**2 - 146*g + 8294. What is b(-112)?
-442
Let x(u) = -28*u**2 + 390*u - 18. What is x(8)?
1310
Let d(g) = 33*g**2 - 126351*g - 379057. Calculate d(-3).
293
Let m(b) = -b**3 - 198*b**2 - 391*b + 163. Give m(-196).
-33
Let w(h) = 58783*h - 470259. Calculate w(8).
5
Let b(v) = 32*v**2 - 2757*v + 426. Give b(86).
-4
Let n(s) = -229*s**2 - 129604*s + 5718. Give n(-566).
58
Let v(c) = c**2 - 825*c + 124580. What is v(626)?
6
Let l(w) = w**3 - 27*w**2 - 673*w + 58. Give l(-15).
703
Let r(f) = 2*f**3 - 29*f**2 - 243*f + 3646. Give r(13).
-20
Let h(p) = -5*p**3 + 296*p**2 - 60*p - 115. Determine h(59).
-174
Let n(j) = 982*j**3 + 7596*j**2 - 2079*j. Determine n(-8).
-8
Let o(y) = -7*y**2 - 3218*y + 29365. What is o(9)?
-164
Let u(w) = 2*w**3 - 31*w**2 - 108*w - 6. Give u(-4).
-198
Let j(f) = 15579*f - 11481743. Give j(737).
-20
Let u(i) = i**3 + 25*i**2 - 6*i - 666. Calculate u(-24).
54
Let f(t) = t**3 + 105*t**2 + 2918*t + 8386. Give f(-51).
22
Let d(o) = -9*o**3 + 74*o**2 + 3963*o - 31838. Calculate d(8).
-6
Let z(q) = 3*q**2 + 170*q + 821. Determine z(-53).
238
Let c(t) = -700*t + 81191. Calculate c(116).
-9
Let g(q) = 2*q**3 + 484*q**2 - 451*q + 8074. Calculate g(-243).
-431
Let o(j) = 89*j**2 - 3382*j - 109. Calculate o(38).
-109
Let x(r) = 783*r + 15613. Determine x(-22).
-1613
Let l(s) = -2307*s - 4454. Give l(-2).
160
Let i(c) = 2*c**3 + 2*c**2 - 16*c + 104. Give i(6).
512
Let f(i) = -8853*i - 708134. Give f(-80).
106
Let g(y) = -7702*y + 46220. Calculate g(6).
8